{"id":5,"date":"2016-01-30T15:44:26","date_gmt":"2016-01-30T14:44:26","guid":{"rendered":"http:\/\/car-rugby.fr\/wp\/?page_id=5"},"modified":"2022-04-12T10:26:00","modified_gmt":"2022-04-12T09:26:00","slug":"accueil","status":"publish","type":"page","link":"https:\/\/car-rugby.fr\/index.php\/accueil\/","title":{"rendered":"Accueil"},"content":{"rendered":"\n<h1 class=\"has-text-align-center wp-block-heading\" style=\"font-size:50px\">Bienvenue sur le site officiel du C.A.R.R.D<\/h1>\n\n\n\n<div style=\"height:100px\" aria-hidden=\"true\" class=\"wp-block-spacer\"><\/div>\n\n\n\n<div class=\"wp-block-image\"><figure class=\"aligncenter size-large is-resized\"><img data-recalc-dims=\"1\" loading=\"lazy\" decoding=\"async\" src=\"https:\/\/i0.wp.com\/car-rugby.fr\/wp\/wp-content\/uploads\/2020\/12\/logo_carrd.png?resize=406%2C276\" alt=\"\" class=\"wp-image-3999\" width=\"406\" height=\"276\" srcset=\"https:\/\/i0.wp.com\/car-rugby.fr\/wp\/wp-content\/uploads\/2020\/12\/logo_carrd.png?w=811&amp;ssl=1 811w, https:\/\/i0.wp.com\/car-rugby.fr\/wp\/wp-content\/uploads\/2020\/12\/logo_carrd.png?resize=300%2C204&amp;ssl=1 300w, https:\/\/i0.wp.com\/car-rugby.fr\/wp\/wp-content\/uploads\/2020\/12\/logo_carrd.png?resize=144%2C98&amp;ssl=1 144w\" sizes=\"auto, (max-width: 406px) 100vw, 406px\" \/><\/figure><\/div>\n\n\n\n<div style=\"height:100px\" aria-hidden=\"true\" class=\"wp-block-spacer\"><\/div>\n\n\n\n<p>Le <strong>Club Athl\u00e9tique Rib\u00e9rac Rugby &#8211; Dordogne<\/strong> (CARRD) est une association sportive r\u00e9gie par la loi du 1er juillet 1901 et le d\u00e9cret du 16 ao\u00fbt 1901. Elle a \u00e9t\u00e9 d\u00e9clar\u00e9e \u00e0 la Pr\u00e9fecture de la Dordogne le 10 novembre 1910 &#8211; Journal officiel du 17 novembre 1910.<\/p>\n\n\n\n<p>Le Club, affili\u00e9 \u00e0 la F\u00e9d\u00e9ration Fran\u00e7aise du Rugby, est membre de la Ligue R\u00e9gionale Nouvelle Aquitaine de Rugby (LRNAR)<a href=\"https:\/\/car-rugby.fr\/index.php\/2021\/01\/27\/la-nouvelle-loi-francaise-sur-les-jeux-dargent-sattaque-aux-casinos-du-marche-noir\/\">.<\/a><\/p>\n\n\n\n<div class=\"wp-block-image\"><figure class=\"aligncenter size-full is-resized\"><img data-recalc-dims=\"1\" loading=\"lazy\" decoding=\"async\" src=\"https:\/\/i0.wp.com\/car-rugby.fr\/wp\/wp-content\/uploads\/2022\/04\/LRNAR-FFR.png?resize=417%2C119\" alt=\"\" class=\"wp-image-5160\" width=\"417\" height=\"119\" srcset=\"https:\/\/i0.wp.com\/car-rugby.fr\/wp\/wp-content\/uploads\/2022\/04\/LRNAR-FFR.png?w=834&amp;ssl=1 834w, https:\/\/i0.wp.com\/car-rugby.fr\/wp\/wp-content\/uploads\/2022\/04\/LRNAR-FFR.png?resize=300%2C86&amp;ssl=1 300w, https:\/\/i0.wp.com\/car-rugby.fr\/wp\/wp-content\/uploads\/2022\/04\/LRNAR-FFR.png?resize=144%2C41&amp;ssl=1 144w, https:\/\/i0.wp.com\/car-rugby.fr\/wp\/wp-content\/uploads\/2022\/04\/LRNAR-FFR.png?resize=600%2C171&amp;ssl=1 600w\" sizes=\"auto, (max-width: 417px) 100vw, 417px\" \/><\/figure><\/div>\n\n\n\n<div style=\"height:30px\" aria-hidden=\"true\" class=\"wp-block-spacer\"><\/div>\n\n\n\n<h3 class=\"wp-block-heading\">Activit\u00e9s<\/h3>\n\n\n\n<p>Le CARRD a pour objet la promotion et la pratique du rugby \u00e0 XV.<\/p>\n\n\n\n<p>Le CAR Rugby c&rsquo;est:<\/p>\n\n\n\n<ul class=\"wp-block-list\"><li> environ 200 licenci\u00e9\u00b7e\u00b7s r\u00e9parti\u00b7e\u00b7s dans:<ul><li> les \u00e9quipes de toutes les cat\u00e9gories d&rsquo;\u00e2ge, engag\u00e9es dans leurs championnats respectifs, organis\u00e9s par la Ligue R\u00e9gionale Nouvelle Aquitaine<ul><li>2 \u00e9quipes S\u00e9niors (+19).<\/li><li>un <a rel=\"noreferrer noopener\" href=\"https:\/\/www.facebook.com\/polejeunecarusanuav\/\" target=\"_blank\">P\u00f4le Jeunes <\/a>organis\u00e9 en rassemblement avec des clubs voisins et constitu\u00e9:<ul><li>d&rsquo;une \u00e9quipe Juniors (U19).<\/li><li>d&rsquo;une \u00e9quipe Cadets (U16).<\/li><\/ul><\/li><li>une <a rel=\"noreferrer noopener\" href=\"https:\/\/www.facebook.com\/EcoleDeRugbyDeRiberac\/\" target=\"_blank\">Ecole de Rugby,<\/a> labellis\u00e9e 2 \u00e9toiles par la FFR,<ul><li>organis\u00e9e en rassemblement avec un club voisin pour les U10, U12 et U14 <\/li><\/ul><ul><li>constitu\u00e9e d&rsquo;une \u00e9quipe pour chaque cat\u00e9gorie d&rsquo;\u00e2ge: Baby, U6, U8. U10, U12 et U14.<\/li><\/ul><\/li><\/ul><\/li><\/ul><ul><li>les entra\u00eeneurs, \u00e9ducateur\u00b7rice\u00b7s et l&rsquo;\u00e9quipe dirigeante.<\/li><\/ul><\/li><li>les b\u00e9n\u00e9voles.<\/li><\/ul>\n\n\n\n<div style=\"height:30px\" aria-hidden=\"true\" class=\"wp-block-spacer\"><\/div>\n\n\n\n<h3 class=\"wp-block-heading\">Nos couleurs<\/h3>\n\n\n\n<p class=\"has-text-align-center\">Bien \u00e9videmment, nous arborons le vert et le jaune du blason de la Ville de Rib\u00e9rac.<\/p>\n\n\n\n<div class=\"wp-block-image\"><figure class=\"aligncenter size-full is-resized\"><img data-recalc-dims=\"1\" loading=\"lazy\" decoding=\"async\" src=\"https:\/\/i0.wp.com\/car-rugby.fr\/wp\/wp-content\/uploads\/2022\/04\/545px-Blason_ville_Riberac.png?resize=273%2C300\" alt=\"\" class=\"wp-image-5162\" width=\"273\" height=\"300\" srcset=\"https:\/\/i0.wp.com\/car-rugby.fr\/wp\/wp-content\/uploads\/2022\/04\/545px-Blason_ville_Riberac.png?w=545&amp;ssl=1 545w, https:\/\/i0.wp.com\/car-rugby.fr\/wp\/wp-content\/uploads\/2022\/04\/545px-Blason_ville_Riberac.png?resize=273%2C300&amp;ssl=1 273w, https:\/\/i0.wp.com\/car-rugby.fr\/wp\/wp-content\/uploads\/2022\/04\/545px-Blason_ville_Riberac.png?resize=131%2C144&amp;ssl=1 131w\" sizes=\"auto, (max-width: 273px) 100vw, 273px\" \/><\/figure><\/div>\n\n\n\n<div style=\"height:30px\" aria-hidden=\"true\" class=\"wp-block-spacer\"><\/div>\n\n\n\n<h3 class=\"wp-block-heading\">Vous souhaitez nous rejoindre comme joueur, b\u00e9n\u00e9vole, dirigeant !<\/h3>\n\n\n\n<p><a href=\"http:\/\/car-rugby.fr\/index.php\/contact\/\">Contactez nous<\/a>.<\/p>\n\n\n\n<div style=\"height:50px\" aria-hidden=\"true\" class=\"wp-block-spacer\"><\/div>\n","protected":false},"excerpt":{"rendered":"<p>Bienvenue sur le site officiel du C.A.R.R.D Le Club Athl\u00e9tique Rib\u00e9rac Rugby &#8211; Dordogne (CARRD) est une association sportive r\u00e9gie par la loi du 1er juillet 1901 et le d\u00e9cret du 16 ao\u00fbt 1901. Elle a \u00e9t\u00e9 d\u00e9clar\u00e9e \u00e0 la Pr\u00e9fecture de la Dordogne le 10 novembre 1910 &#8211; Journal officiel du 17 novembre 1910.&#8230; <a href=\"https:\/\/car-rugby.fr\/index.php\/accueil\/\" class=\"more-link\">Continue reading <span class=\"screen-reader-text\">Accueil<\/span><\/a><\/p>\n","protected":false},"author":11,"featured_media":0,"parent":0,"menu_order":0,"comment_status":"closed","ping_status":"closed","template":"template\/full-width.php","meta":{"_exactmetrics_skip_tracking":false,"_exactmetrics_sitenote_active":false,"_exactmetrics_sitenote_note":"","_exactmetrics_sitenote_category":0,"ngg_post_thumbnail":0,"jetpack_post_was_ever_published":false,"footnotes":""},"class_list":["post-5","page","type-page","status-publish","hentry"],"jetpack_sharing_enabled":true,"jetpack_shortlink":"https:\/\/wp.me\/Paxq1d-5","jetpack_likes_enabled":false,"_links":{"self":[{"href":"https:\/\/car-rugby.fr\/index.php\/wp-json\/wp\/v2\/pages\/5","targetHints":{"allow":["GET"]}}],"collection":[{"href":"https:\/\/car-rugby.fr\/index.php\/wp-json\/wp\/v2\/pages"}],"about":[{"href":"https:\/\/car-rugby.fr\/index.php\/wp-json\/wp\/v2\/types\/page"}],"author":[{"embeddable":true,"href":"https:\/\/car-rugby.fr\/index.php\/wp-json\/wp\/v2\/users\/11"}],"replies":[{"embeddable":true,"href":"https:\/\/car-rugby.fr\/index.php\/wp-json\/wp\/v2\/comments?post=5"}],"version-history":[{"count":71,"href":"https:\/\/car-rugby.fr\/index.php\/wp-json\/wp\/v2\/pages\/5\/revisions"}],"predecessor-version":[{"id":5164,"href":"https:\/\/car-rugby.fr\/index.php\/wp-json\/wp\/v2\/pages\/5\/revisions\/5164"}],"wp:attachment":[{"href":"https:\/\/car-rugby.fr\/index.php\/wp-json\/wp\/v2\/media?parent=5"}],"curies":[{"name":"wp","href":"https:\/\/api.w.org\/{rel}","templated":true}]}}