{"id":24,"date":"2016-01-30T16:29:37","date_gmt":"2016-01-30T15:29:37","guid":{"rendered":"http:\/\/car-rugby.fr\/wp\/?page_id=24"},"modified":"2025-03-25T19:00:50","modified_gmt":"2025-03-25T18:00:50","slug":"histoire-du-club","status":"publish","type":"page","link":"https:\/\/car-rugby.fr\/index.php\/le-club\/histoire-du-club\/","title":{"rendered":"Histoire du Club"},"content":{"rendered":"\n<p class=\"has-small-font-size\"><em>Sources : Livre du Centenaire du CAR Rugby de Pierre Cadroas (2009) et le Club<\/em><\/p>\n\n\n<p><strong>Le C.A.R. Rugby voit le jour en 1909<\/strong> et fait partie des clubs les plus anciens install\u00e9s en Dordogne (1901: CA P\u00e9rigueux; 1902: Bergerac et Le Bugue; 1904: Eymet; 1905: Le Buisson, St Cyprien, Terrasson et Nontron; 1908: Le Lardin St Lazare-Condat\/V\u00e9z\u00e8re et Mussidan).<\/p>\n<p>Le 9 mai 1909, lors de la premi\u00e8re assembl\u00e9e g\u00e9n\u00e9rale fut nomm\u00e9 le premier \u00ab\u00a0comit\u00e9 directeur\u00a0\u00bb provisoire. Les statuts de l&rsquo;association mixte multi-sports furent d\u00e9pos\u00e9s beaucoup plus tard; Ils ne seront publi\u00e9s au Journal Officiel que le 17 novembre 1910.<\/p>\n<p>Apr\u00e8s des premi\u00e8res ann\u00e9es chaotiques (guerre, moyens et effectif de joueurs insuffisants&#8230;), c&rsquo;est <strong>dans les ann\u00e9es 30<\/strong>, sous l&rsquo;impulsion des pr\u00e9sidents de l&rsquo;\u00e9poque, que le club se restructure et se stabilise: renaissance de l&rsquo;identit\u00e9 du club (adh\u00e9rents), reconstruction d&rsquo;une \u00e9quipe gr\u00e2ce \u00e0 une nouvelle g\u00e9n\u00e9ration de joueurs, un stade en 1926: le Stadium de la Charrouffie. En d\u00e9fendant \u00e2prement les couleurs de Rib\u00e9rac (chaque match est un derby p\u00e9rigordin), le CAR Rugby, avec une \u00e9quipe tr\u00e8s solide et homog\u00e8ne constitu\u00e9e de joueurs locaux, obtient alors ses premiers titres (1934, 35 et 38).<br>C&rsquo;est en 1938 que les Juniors rib\u00e9racois disput\u00e8rent leur tout premier match de l&rsquo;histoire.<\/p>\n<p>En 1942, fut d\u00e9cid\u00e9 le transfert du Stadium de la Charrouffie au Parc des Beauvi\u00e8res (stade actuel). Le premier match au Stade Municipal opposa Rib\u00e9rac \u00e0 Ste Foy La Grande le 16 octobre 1951 (match amical).<\/p>\n<p><strong>De 1945 \u00e0 1970<\/strong>, l&rsquo;\u00e9quipe fanion va conna\u00eetre des hauts et des bas: gr\u00e2ce \u00e0 son pass\u00e9 d&rsquo;avant-guerre, une p\u00e9riode avec de bons r\u00e9sultats jusqu&rsquo;en 1953 puis des saisons tr\u00e8s difficiles, un parcours chaotique jusqu&rsquo;en 1970.<br>En 1958, l&rsquo;\u00e9quipe Junior devient Championne du P\u00e9rigord-Agenais. Par contre, l&rsquo;\u00e9quipe Premi\u00e8re est en d\u00e9perdition. Les Juniors vont renforcer l&rsquo;\u00e9quipe premi\u00e8re et ainsi assurer un nouveau d\u00e9part.<\/p>\n<p>Ces joueurs et dirigeants des ann\u00e9es 60 s&rsquo;accrochent, r\u00e9sistent et surtout reconstruisent un avenir. En 1969, le 2 octobre, une v\u00e9ritable structure \u00ab\u00a0Ecole de Rugby\u00a0\u00bb est mise en place au sein du Club.<\/p>\n<p><strong>La d\u00e9cennie 1970-1980<\/strong> est une belle p\u00e9riode pour le CAR et ses joueurs: le club est r\u00e9guli\u00e8rement class\u00e9 dans les premi\u00e8res places de sa poule.<\/p>\n<p><strong>De 1980 \u00e0 1995<\/strong>, le club souffre sportivement: il y a de bons joueurs mais difficile de monter des \u00e9quipes compl\u00e8tes quand l&rsquo;effectif est limit\u00e9.<\/p>\n<p><strong>A partir des ann\u00e9es 95 jusqu&rsquo;en 2018<\/strong>, le club change de vitesse; Les r\u00e9sultats explosent et surtout s&rsquo;inscrivent dans le temps.<\/p>\n<p>La Ville et les nombreux supporters sont fiers de leur \u00e9quipe:<\/p>\n<ul>\n<li>Le CAR Rugby inscrit son nom au tableau des honneurs : 2 boucliers de Champion de France et 5 titres territoriaux P\u00e9rigord-Agenais.&nbsp;<\/li>\n<li>Le CAR Rugby change de statut; l&rsquo;ascension est continue: de 2\u00e8 s\u00e9rie en 1995 jusqu&rsquo;en F\u00e9d\u00e9rale 1 en 2007.<\/li>\n<\/ul>\n<p>La saison 1996-1997 avec le premier Bouclier de Champion de France et la saison 2007-2008 avec une qualification en phase finale du Troph\u00e9e Jean Prat furent deux \u00ab\u00a0<strong><em>Moments Historiques<\/em><\/strong>\u00a0\u00bb pour le Club, la Ville et les supporters.<\/p>\n<p>Les vert et jaune ont d\u00e9fendu les couleurs de la Ville dans les divisions f\u00e9d\u00e9rales pendant 17 saisons (de 2000 \u00e0 2016 puis 2017-2018) dont 4 saisons en F\u00e9d\u00e9rale 1, le plus haut niveau national pour les clubs amateurs (voir Palmar\u00e8s du Club ci-dessous).<\/p>\n<p>Parall\u00e8lement pendant cette p\u00e9riode, l&rsquo;Ecole de Rugby du club se restructure et acquiert son autonomie en 2006. Au cours de cette saison 2006-2007, l&rsquo;Ecole de Rugby obtient la labellisation officielle de la FFR.<\/p>\n<p>&#8230;.<\/p>\n<p><strong>Saisons 2018-2019 et 2019-2020<\/strong>, le CAR Rugby \u00e9volue dans le Championnat Honneur de la Ligue R\u00e9gionale Nouvelle Aquitaine de Rugby.<\/p>\n<p>Fin 2019, l&rsquo;Ecole de Rugby obtient la labellisation \u00ab\u00a02 \u00e9toiles\u00a0\u00bb de la FFR (syst\u00e8me de labellisation nouvelle formule avec un syst\u00e8me d&rsquo;\u00e9toiles; 2 \u00e9toiles \u00e9tant la plus haute labellisation possible pour un club amateur), une tr\u00e8s belle r\u00e9compense pour tout le travail founi par l&rsquo;\u00e9quipe des \u00e9ducateurs, encadrants, b\u00e9n\u00e9voles et responsables de l&rsquo;Ecole.<\/p>\n<p>La saison 2019-2020 s&rsquo;arr\u00eate brutalement le 13 mars 2020 sur un fort go\u00fbt d&rsquo;inachev\u00e9 dans un contexte de crise sanitaire mondiale li\u00e9e au Covid-19:<\/p>\n<ul>\n<li>L&rsquo;\u00e9quipe 1 se classe alors \u00e0 la 4e place sans terminer la phase qualificative et sans jouer les matchs de barrage.<\/li>\n<li>Quant \u00e0 l\u2019\u00e9quipe B, championne de sa poule en n\u2019ayant connu aucune d\u00e9faite, ne disputera pas le Championnat de France et les phases finales de la Ligue R\u00e9gionale Nouvelle Aquitaine.<\/li>\n<\/ul>\n<p>Pour la <strong>saison 2020-2021<\/strong>, le Championnat Honneur devient Championnat Pr\u00e9 F\u00e9d\u00e9rale.&nbsp; Le CAR Rugby \u00e9volue donc en Pr\u00e9 F\u00e9d\u00e9rale.<\/p>\n<p>Pour des raisons sanitaires (Covid-19), les comp\u00e9titions, suspendues le 29 octobre 2020, sont interrompues d\u00e9finitivement par la FFR le 26 f\u00e9vrier 2021. <strong>Une saison blanche&#8230;<\/strong>&nbsp; &nbsp;La phase qualificative avait pourtant bien commenc\u00e9: 3 matchs jou\u00e9s; L&rsquo;\u00e9quipe 1: 1\u00e8re (3 victoires), la R\u00e9serve: 3\u00e8me (2 victoires, 1 d\u00e9faite).&nbsp;<\/p>\n\n\n<div style=\"height:100px\" aria-hidden=\"true\" class=\"wp-block-spacer\"><\/div>\n\n\n\n<h3 class=\"wp-block-heading\">Le Palmar\u00e8s du Club =&gt; <a href=\"http:\/\/car-rugby.fr\/index.php\/le-club\/palmares-du-club\">ici<\/a><\/h3>\n\n\n\n<div style=\"height:100px\" aria-hidden=\"true\" class=\"wp-block-spacer\"><\/div>\n\n\n\n<h3 class=\"wp-block-heading\">Les Pr\u00e9sidents du CAR Rugby<\/h3>\n\n\n\n<figure class=\"wp-block-table\"><table><tbody><tr><td>\n\t\t\t<strong>P\u00e9riode-saison<\/strong>\n\t\t<\/td><td>\n\t\t\t<strong>Identit\u00e9<\/strong>\n\t\t<\/td><\/tr><tr><td>2021-2025<\/td><td>Eric Fourcade<\/td><\/tr><tr><td> 2017-2021 <\/td><td>\n\t\t\tDidier\n\t\t\tLachaud et Philippe Chouffier\n\t\t<\/td><\/tr><tr><td>\n\t\t\t2015-2017\n\t\t<\/td><td>\n\t\t\tChristophe\n\t\t\tCapellot\n\t\t<\/td><\/tr><tr><td>\n\t\t\t2007-2015\n\t\t<\/td><td>\n\t\t\tDidier\n\t\t\tLachaud\n\t\t<\/td><\/tr><tr><td>\n\t\t\t2006-2007\n\t\t<\/td><td>\n\t\t\tMaurice\n\t\t\tLadret\n\t\t<\/td><\/tr><tr><td>\n\t\t\t2001-2006\n\t\t<\/td><td>\n\t\t\tDidier\n\t\t\tLachaud\n\t\t<\/td><\/tr><tr><td>\n\t\t\t1994-2001\n\t\t<\/td><td>\n\t\t\tJean\n\t\t\tFran\u00e7ois Bittard\n\t\t<\/td><\/tr><tr><td>\n\t\t\t1992-1994\n\t\t<\/td><td>\n\t\t\tNeris\n\t\t\tVincent\n\t\t<\/td><\/tr><tr><td>\n\t\t\t1991-1992\n\t\t<\/td><td>\n\t\t\tMichel\n\t\t\tLagarde\n\t\t<\/td><\/tr><tr><td>\n\t\t\t1980-1991\n\t\t<\/td><td>\n\t\t\tJos\u00e9\n\t\t\tCoulon\n\t\t<\/td><\/tr><tr><td>\n\t\t\t1977-1980\n\t\t<\/td><td>\n\t\t\tYves\n\t\t\tD\u00e9cima\n\t\t<\/td><\/tr><tr><td>\n\t\t\t1973-1977\n\t\t<\/td><td>\n\t\t\tJean\n\t\t\tBeau\n\t\t<\/td><\/tr><tr><td>\n\t\t\t1972-1973\n\t\t<\/td><td>\n\t\t\tMax\n\t\t\tPradeau et Jean Beau\n\t\t<\/td><\/tr><tr><td>\n\t\t\t1970-1972\n\t\t<\/td><td>\n\t\t\tRaymond\n\t\t\tBesse\n\t\t<\/td><\/tr><tr><td>\n\t\t\t1968-1970\n\t\t<\/td><td>\n\t\t\tRaymond\n\t\t\tBesse et Andr\u00e9 Cheminade\n\t\t<\/td><\/tr><tr><td>\n\t\t\t1965-1968\n\t\t<\/td><td>\n\t\t\tJ.M.\n\t\t\tCharles\n\t\t<\/td><\/tr><tr><td>\n\t\t\t1964-1965\n\t\t<\/td><td>\n\t\t\tPares\n\t\t<\/td><\/tr><tr><td>\n\t\t\t1958-1964\n\t\t<\/td><td>\n\t\t\tDr\n\t\t\tIvanes\n\t\t<\/td><\/tr><tr><td>\n\t\t\t1954-1958\n\t\t<\/td><td>\n\t\t\tE.\n\t\t\tBarrat\n\t\t<\/td><\/tr><tr><td>\n\t\t\t1953-1954\n\t\t<\/td><td>\n\t\t\tYves\n\t\t\tEyma puis E. Barrat\n\t\t<\/td><\/tr><tr><td>\n\t\t\t1950-1953\n\t\t<\/td><td>\n\t\t\tL\u00e9on\n\t\t\tJaubert\n\t\t<\/td><\/tr><tr><td>\n\t\t\t1945-1950\n\t\t<\/td><td>\n\t\t\tAntoine\n\t\t\tCruveiller\n\t\t<\/td><\/tr><tr><td> 1942-1945 <\/td><td>\n\t\t\tRomain\n\t\t\tCadroas\n\t\t<\/td><\/tr><tr><td> 1939-1942<\/td><td>\n\t\t\tHenri\n\t\t\tKoehler\n\t\t<\/td><\/tr><tr><td> 1932-1939<\/td><td>\n\t\t\tGabriel\n\t\t\tMarty\n\t\t<\/td><\/tr><tr><td>\n\t\t\t1930-1932\n\t\t<\/td><td>\n\t\t\t en\n\t\t\tsommeil\n\t\t<\/td><\/tr><tr><td> 1926-1930<\/td><td>\n\t\t\tGaucher\n\t\t\t(p\u00e8re)\n\t\t<\/td><\/tr><tr><td>\n\t\t\t1924-1926\n\t\t<\/td><td>\n\t\t\t en\n\t\t\tsommeil\n\t\t<\/td><\/tr><tr><td>\n\t\t\t1919-1924\n\t\t<\/td><td>\n\t\t\tDe\n\t\t\tRoquemaurel\n\t\t<\/td><\/tr><tr><td>\n\t\t\t1918-1919\n\t\t<\/td><td>\n\t\t\tJean\n\t\t\tLeymonerie\n\t\t<\/td><\/tr><tr><td>\n\t\t\t1914-1918\n\t\t<\/td><td>\n\t\t\t en\n\t\t\tsommeil\n\t\t<\/td><\/tr><tr><td>\n\t\t\t1909-1914\n\t\t<\/td><td>\n\t\t\tDr\n\t\t\tConte\n\t\t<\/td><\/tr><\/tbody><\/table><\/figure>\n\n\n\n<p>B. Chauvin<\/p>\n","protected":false},"excerpt":{"rendered":"<p>Sources : Livre du Centenaire du CAR Rugby de Pierre Cadroas (2009) et le Club Le C.A.R. Rugby voit le jour en 1909 et fait partie des clubs les plus anciens install\u00e9s en Dordogne (1901: CA P\u00e9rigueux; 1902: Bergerac et Le Bugue; 1904: Eymet; 1905: Le Buisson, St Cyprien, Terrasson et Nontron; 1908: Le Lardin&#8230; <a href=\"https:\/\/car-rugby.fr\/index.php\/le-club\/histoire-du-club\/\" class=\"more-link\">Continue reading <span class=\"screen-reader-text\">Histoire du Club<\/span><\/a><\/p>\n","protected":false},"author":1,"featured_media":0,"parent":21,"menu_order":0,"comment_status":"closed","ping_status":"closed","template":"","meta":{"_exactmetrics_skip_tracking":false,"_exactmetrics_sitenote_active":false,"_exactmetrics_sitenote_note":"","_exactmetrics_sitenote_category":0,"ngg_post_thumbnail":0,"jetpack_post_was_ever_published":false,"footnotes":""},"class_list":["post-24","page","type-page","status-publish","hentry"],"jetpack_sharing_enabled":true,"jetpack_shortlink":"https:\/\/wp.me\/Paxq1d-o","jetpack_likes_enabled":false,"_links":{"self":[{"href":"https:\/\/car-rugby.fr\/index.php\/wp-json\/wp\/v2\/pages\/24","targetHints":{"allow":["GET"]}}],"collection":[{"href":"https:\/\/car-rugby.fr\/index.php\/wp-json\/wp\/v2\/pages"}],"about":[{"href":"https:\/\/car-rugby.fr\/index.php\/wp-json\/wp\/v2\/types\/page"}],"author":[{"embeddable":true,"href":"https:\/\/car-rugby.fr\/index.php\/wp-json\/wp\/v2\/users\/1"}],"replies":[{"embeddable":true,"href":"https:\/\/car-rugby.fr\/index.php\/wp-json\/wp\/v2\/comments?post=24"}],"version-history":[{"count":93,"href":"https:\/\/car-rugby.fr\/index.php\/wp-json\/wp\/v2\/pages\/24\/revisions"}],"predecessor-version":[{"id":7066,"href":"https:\/\/car-rugby.fr\/index.php\/wp-json\/wp\/v2\/pages\/24\/revisions\/7066"}],"up":[{"embeddable":true,"href":"https:\/\/car-rugby.fr\/index.php\/wp-json\/wp\/v2\/pages\/21"}],"wp:attachment":[{"href":"https:\/\/car-rugby.fr\/index.php\/wp-json\/wp\/v2\/media?parent=24"}],"curies":[{"name":"wp","href":"https:\/\/api.w.org\/{rel}","templated":true}]}}

<p class="has-small-font-size"><em>Sources : Livre du Centenaire du CAR Rugby de Pierre Cadroas (2009) et le Club</em></p>


<p><strong>Le C.A.R. Rugby voit le jour en 1909</strong> et fait partie des clubs les plus anciens installés en Dordogne (1901: CA Périgueux; 1902: Bergerac et Le Bugue; 1904: Eymet; 1905: Le Buisson, St Cyprien, Terrasson et Nontron; 1908: Le Lardin St Lazare-Condat/Vézère et Mussidan).</p>
<p>Le 9 mai 1909, lors de la première assemblée générale fut nommé le premier « comité directeur » provisoire. Les statuts de l&rsquo;association mixte multi-sports furent déposés beaucoup plus tard; Ils ne seront publiés au Journal Officiel que le 17 novembre 1910.</p>
<p>Après des premières années chaotiques (guerre, moyens et effectif de joueurs insuffisants&#8230;), c&rsquo;est <strong>dans les années 30</strong>, sous l&rsquo;impulsion des présidents de l&rsquo;époque, que le club se restructure et se stabilise: renaissance de l&rsquo;identité du club (adhérents), reconstruction d&rsquo;une équipe grâce à une nouvelle génération de joueurs, un stade en 1926: le Stadium de la Charrouffie. En défendant âprement les couleurs de Ribérac (chaque match est un derby périgordin), le CAR Rugby, avec une équipe très solide et homogène constituée de joueurs locaux, obtient alors ses premiers titres (1934, 35 et 38).<br>C&rsquo;est en 1938 que les Juniors ribéracois disputèrent leur tout premier match de l&rsquo;histoire.</p>
<p>En 1942, fut décidé le transfert du Stadium de la Charrouffie au Parc des Beauvières (stade actuel). Le premier match au Stade Municipal opposa Ribérac à Ste Foy La Grande le 16 octobre 1951 (match amical).</p>
<p><strong>De 1945 à 1970</strong>, l&rsquo;équipe fanion va connaître des hauts et des bas: grâce à son passé d&rsquo;avant-guerre, une période avec de bons résultats jusqu&rsquo;en 1953 puis des saisons très difficiles, un parcours chaotique jusqu&rsquo;en 1970.<br>En 1958, l&rsquo;équipe Junior devient Championne du Périgord-Agenais. Par contre, l&rsquo;équipe Première est en déperdition. Les Juniors vont renforcer l&rsquo;équipe première et ainsi assurer un nouveau départ.</p>
<p>Ces joueurs et dirigeants des années 60 s&rsquo;accrochent, résistent et surtout reconstruisent un avenir. En 1969, le 2 octobre, une véritable structure « Ecole de Rugby » est mise en place au sein du Club.</p>
<p><strong>La décennie 1970-1980</strong> est une belle période pour le CAR et ses joueurs: le club est régulièrement classé dans les premières places de sa poule.</p>
<p><strong>De 1980 à 1995</strong>, le club souffre sportivement: il y a de bons joueurs mais difficile de monter des équipes complètes quand l&rsquo;effectif est limité.</p>
<p><strong>A partir des années 95 jusqu&rsquo;en 2018</strong>, le club change de vitesse; Les résultats explosent et surtout s&rsquo;inscrivent dans le temps.</p>
<p>La Ville et les nombreux supporters sont fiers de leur équipe:</p>
<ul>
<li>Le CAR Rugby inscrit son nom au tableau des honneurs : 2 boucliers de Champion de France et 5 titres territoriaux Périgord-Agenais.&nbsp;</li>
<li>Le CAR Rugby change de statut; l&rsquo;ascension est continue: de 2è série en 1995 jusqu&rsquo;en Fédérale 1 en 2007.</li>
</ul>
<p>La saison 1996-1997 avec le premier Bouclier de Champion de France et la saison 2007-2008 avec une qualification en phase finale du Trophée Jean Prat furent deux « <strong><em>Moments Historiques</em></strong> » pour le Club, la Ville et les supporters.</p>
<p>Les vert et jaune ont défendu les couleurs de la Ville dans les divisions fédérales pendant 17 saisons (de 2000 à 2016 puis 2017-2018) dont 4 saisons en Fédérale 1, le plus haut niveau national pour les clubs amateurs (voir Palmarès du Club ci-dessous).</p>
<p>Parallèlement pendant cette période, l&rsquo;Ecole de Rugby du club se restructure et acquiert son autonomie en 2006. Au cours de cette saison 2006-2007, l&rsquo;Ecole de Rugby obtient la labellisation officielle de la FFR.</p>
<p>&#8230;.</p>
<p><strong>Saisons 2018-2019 et 2019-2020</strong>, le CAR Rugby évolue dans le Championnat Honneur de la Ligue Régionale Nouvelle Aquitaine de Rugby.</p>
<p>Fin 2019, l&rsquo;Ecole de Rugby obtient la labellisation « 2 étoiles » de la FFR (système de labellisation nouvelle formule avec un système d&rsquo;étoiles; 2 étoiles étant la plus haute labellisation possible pour un club amateur), une très belle récompense pour tout le travail founi par l&rsquo;équipe des éducateurs, encadrants, bénévoles et responsables de l&rsquo;Ecole.</p>
<p>La saison 2019-2020 s&rsquo;arrête brutalement le 13 mars 2020 sur un fort goût d&rsquo;inachevé dans un contexte de crise sanitaire mondiale liée au Covid-19:</p>
<ul>
<li>L&rsquo;équipe 1 se classe alors à la 4e place sans terminer la phase qualificative et sans jouer les matchs de barrage.</li>
<li>Quant à l’équipe B, championne de sa poule en n’ayant connu aucune défaite, ne disputera pas le Championnat de France et les phases finales de la Ligue Régionale Nouvelle Aquitaine.</li>
</ul>
<p>Pour la <strong>saison 2020-2021</strong>, le Championnat Honneur devient Championnat Pré Fédérale.&nbsp; Le CAR Rugby évolue donc en Pré Fédérale.</p>
<p>Pour des raisons sanitaires (Covid-19), les compétitions, suspendues le 29 octobre 2020, sont interrompues définitivement par la FFR le 26 février 2021. <strong>Une saison blanche&#8230;</strong>&nbsp; &nbsp;La phase qualificative avait pourtant bien commencé: 3 matchs joués; L&rsquo;équipe 1: 1ère (3 victoires), la Réserve: 3ème (2 victoires, 1 défaite).&nbsp;</p>


<div style="height:100px" aria-hidden="true" class="wp-block-spacer"></div>



<h3 class="wp-block-heading">Le Palmarès du Club =&gt; <a href="http://car-rugby.fr/index.php/le-club/palmares-du-club">ici</a></h3>



<div style="height:100px" aria-hidden="true" class="wp-block-spacer"></div>



<h3 class="wp-block-heading">Les Présidents du CAR Rugby</h3>



<figure class="wp-block-table"><table><tbody><tr><td>
			<strong>Période-saison</strong>
		</td><td>
			<strong>Identité</strong>
		</td></tr><tr><td>2021-2025</td><td>Eric Fourcade</td></tr><tr><td> 2017-2021 </td><td>
			Didier
			Lachaud et Philippe Chouffier
		</td></tr><tr><td>
			2015-2017
		</td><td>
			Christophe
			Capellot
		</td></tr><tr><td>
			2007-2015
		</td><td>
			Didier
			Lachaud
		</td></tr><tr><td>
			2006-2007
		</td><td>
			Maurice
			Ladret
		</td></tr><tr><td>
			2001-2006
		</td><td>
			Didier
			Lachaud
		</td></tr><tr><td>
			1994-2001
		</td><td>
			Jean
			François Bittard
		</td></tr><tr><td>
			1992-1994
		</td><td>
			Neris
			Vincent
		</td></tr><tr><td>
			1991-1992
		</td><td>
			Michel
			Lagarde
		</td></tr><tr><td>
			1980-1991
		</td><td>
			José
			Coulon
		</td></tr><tr><td>
			1977-1980
		</td><td>
			Yves
			Décima
		</td></tr><tr><td>
			1973-1977
		</td><td>
			Jean
			Beau
		</td></tr><tr><td>
			1972-1973
		</td><td>
			Max
			Pradeau et Jean Beau
		</td></tr><tr><td>
			1970-1972
		</td><td>
			Raymond
			Besse
		</td></tr><tr><td>
			1968-1970
		</td><td>
			Raymond
			Besse et André Cheminade
		</td></tr><tr><td>
			1965-1968
		</td><td>
			J.M.
			Charles
		</td></tr><tr><td>
			1964-1965
		</td><td>
			Pares
		</td></tr><tr><td>
			1958-1964
		</td><td>
			Dr
			Ivanes
		</td></tr><tr><td>
			1954-1958
		</td><td>
			E.
			Barrat
		</td></tr><tr><td>
			1953-1954
		</td><td>
			Yves
			Eyma puis E. Barrat
		</td></tr><tr><td>
			1950-1953
		</td><td>
			Léon
			Jaubert
		</td></tr><tr><td>
			1945-1950
		</td><td>
			Antoine
			Cruveiller
		</td></tr><tr><td> 1942-1945 </td><td>
			Romain
			Cadroas
		</td></tr><tr><td> 1939-1942</td><td>
			Henri
			Koehler
		</td></tr><tr><td> 1932-1939</td><td>
			Gabriel
			Marty
		</td></tr><tr><td>
			1930-1932
		</td><td>
			 en
			sommeil
		</td></tr><tr><td> 1926-1930</td><td>
			Gaucher
			(père)
		</td></tr><tr><td>
			1924-1926
		</td><td>
			 en
			sommeil
		</td></tr><tr><td>
			1919-1924
		</td><td>
			De
			Roquemaurel
		</td></tr><tr><td>
			1918-1919
		</td><td>
			Jean
			Leymonerie
		</td></tr><tr><td>
			1914-1918
		</td><td>
			 en
			sommeil
		</td></tr><tr><td>
			1909-1914
		</td><td>
			Dr
			Conte
		</td></tr></tbody></table></figure>



<p>B. Chauvin</p>

<p>Sources : Livre du Centenaire du CAR Rugby de Pierre Cadroas (2009) et le Club Le C.A.R. Rugby voit le jour en 1909 et fait partie des clubs les plus anciens installés en Dordogne (1901: CA Périgueux; 1902: Bergerac et Le Bugue; 1904: Eymet; 1905: Le Buisson, St Cyprien, Terrasson et Nontron; 1908: Le Lardin&#8230; <a href="https://car-rugby.fr/index.php/le-club/histoire-du-club/" class="more-link">Continue reading <span class="screen-reader-text">Histoire du Club</span></a></p>
