{"id":24,"date":"2016-01-30T16:29:37","date_gmt":"2016-01-30T15:29:37","guid":{"rendered":"http:\/\/car-rugby.fr\/wp\/?page_id=24"},"modified":"2025-03-25T19:00:50","modified_gmt":"2025-03-25T18:00:50","slug":"histoire-du-club","status":"publish","type":"page","link":"https:\/\/car-rugby.fr\/index.php\/le-club\/histoire-du-club\/","title":{"rendered":"Histoire du Club"},"content":{"rendered":"\n<p class=\"has-small-font-size\"><em>Sources : Livre du Centenaire du CAR Rugby de Pierre Cadroas (2009) et le Club<\/em><\/p>\n\n\n<p><strong>Le C.A.R. Rugby voit le jour en 1909<\/strong> et fait partie des clubs les plus anciens install\u00e9s en Dordogne (1901: CA P\u00e9rigueux; 1902: Bergerac et Le Bugue; 1904: Eymet; 1905: Le Buisson, St Cyprien, Terrasson et Nontron; 1908: Le Lardin St Lazare-Condat\/V\u00e9z\u00e8re et Mussidan).<\/p>\n<p>Le 9 mai 1909, lors de la premi\u00e8re assembl\u00e9e g\u00e9n\u00e9rale fut nomm\u00e9 le premier \u00ab\u00a0comit\u00e9 directeur\u00a0\u00bb provisoire. Les statuts de l&rsquo;association mixte multi-sports furent d\u00e9pos\u00e9s beaucoup plus tard; Ils ne seront publi\u00e9s au Journal Officiel que le 17 novembre 1910.<\/p>\n<p>Apr\u00e8s des premi\u00e8res ann\u00e9es chaotiques (guerre, moyens et effectif de joueurs insuffisants&#8230;), c&rsquo;est <strong>dans les ann\u00e9es 30<\/strong>, sous l&rsquo;impulsion des pr\u00e9sidents de l&rsquo;\u00e9poque, que le club se restructure et se stabilise: renaissance de l&rsquo;identit\u00e9 du club (adh\u00e9rents), reconstruction d&rsquo;une \u00e9quipe gr\u00e2ce \u00e0 une nouvelle g\u00e9n\u00e9ration de joueurs, un stade en 1926: le Stadium de la Charrouffie. En d\u00e9fendant \u00e2prement les couleurs de Rib\u00e9rac (chaque match est un derby p\u00e9rigordin), le CAR Rugby, avec une \u00e9quipe tr\u00e8s solide et homog\u00e8ne constitu\u00e9e de joueurs locaux, obtient alors ses premiers titres (1934, 35 et 38).<br>C&rsquo;est en 1938 que les Juniors rib\u00e9racois disput\u00e8rent leur tout premier match de l&rsquo;histoire.<\/p>\n<p>En 1942, fut d\u00e9cid\u00e9 le transfert du Stadium de la Charrouffie au Parc des Beauvi\u00e8res (stade actuel). Le premier match au Stade Municipal opposa Rib\u00e9rac \u00e0 Ste Foy La Grande le 16 octobre 1951 (match amical).<\/p>\n<p><strong>De 1945 \u00e0 1970<\/strong>, l&rsquo;\u00e9quipe fanion va conna\u00eetre des hauts et des bas: gr\u00e2ce \u00e0 son pass\u00e9 d&rsquo;avant-guerre, une p\u00e9riode avec de bons r\u00e9sultats jusqu&rsquo;en 1953 puis des saisons tr\u00e8s difficiles, un parcours chaotique jusqu&rsquo;en 1970.<br>En 1958, l&rsquo;\u00e9quipe Junior devient Championne du P\u00e9rigord-Agenais. Par contre, l&rsquo;\u00e9quipe Premi\u00e8re est en d\u00e9perdition. Les Juniors vont renforcer l&rsquo;\u00e9quipe premi\u00e8re et ainsi assurer un nouveau d\u00e9part.<\/p>\n<p>Ces joueurs et dirigeants des ann\u00e9es 60 s&rsquo;accrochent, r\u00e9sistent et surtout reconstruisent un avenir. En 1969, le 2 octobre, une v\u00e9ritable structure \u00ab\u00a0Ecole de Rugby\u00a0\u00bb est mise en place au sein du Club.<\/p>\n<p><strong>La d\u00e9cennie 1970-1980<\/strong> est une belle p\u00e9riode pour le CAR et ses joueurs: le club est r\u00e9guli\u00e8rement class\u00e9 dans les premi\u00e8res places de sa poule.<\/p>\n<p><strong>De 1980 \u00e0 1995<\/strong>, le club souffre sportivement: il y a de bons joueurs mais difficile de monter des \u00e9quipes compl\u00e8tes quand l&rsquo;effectif est limit\u00e9.<\/p>\n<p><strong>A partir des ann\u00e9es 95 jusqu&rsquo;en 2018<\/strong>, le club change de vitesse; Les r\u00e9sultats explosent et surtout s&rsquo;inscrivent dans le temps.<\/p>\n<p>La Ville et les nombreux supporters sont fiers de leur \u00e9quipe:<\/p>\n<ul>\n<li>Le CAR Rugby inscrit son nom au tableau des honneurs : 2 boucliers de Champion de France et 5 titres territoriaux P\u00e9rigord-Agenais.&nbsp;<\/li>\n<li>Le CAR Rugby change de statut; l&rsquo;ascension est continue: de 2\u00e8 s\u00e9rie en 1995 jusqu&rsquo;en F\u00e9d\u00e9rale 1 en 2007.<\/li>\n<\/ul>\n<p>La saison 1996-1997 avec le premier Bouclier de Champion de France et la saison 2007-2008 avec une qualification en phase finale du Troph\u00e9e Jean Prat furent deux \u00ab\u00a0<strong><em>Moments Historiques<\/em><\/strong>\u00a0\u00bb pour le Club, la Ville et les supporters.<\/p>\n<p>Les vert et jaune ont d\u00e9fendu les couleurs de la Ville dans les divisions f\u00e9d\u00e9rales pendant 17 saisons (de 2000 \u00e0 2016 puis 2017-2018) dont 4 saisons en F\u00e9d\u00e9rale 1, le plus haut niveau national pour les clubs amateurs (voir Palmar\u00e8s du Club ci-dessous).<\/p>\n<p>Parall\u00e8lement pendant cette p\u00e9riode, l&rsquo;Ecole de Rugby du club se restructure et acquiert son autonomie en 2006. Au cours de cette saison 2006-2007, l&rsquo;Ecole de Rugby obtient la labellisation officielle de la FFR.<\/p>\n<p>&#8230;.<\/p>\n<p><strong>Saisons 2018-2019 et 2019-2020<\/strong>, le CAR Rugby \u00e9volue dans le Championnat Honneur de la Ligue R\u00e9gionale Nouvelle Aquitaine de Rugby.<\/p>\n<p>Fin 2019, l&rsquo;Ecole de Rugby obtient la labellisation \u00ab\u00a02 \u00e9toiles\u00a0\u00bb de la FFR (syst\u00e8me de labellisation nouvelle formule avec un syst\u00e8me d&rsquo;\u00e9toiles; 2 \u00e9toiles \u00e9tant la plus haute labellisation possible pour un club amateur), une tr\u00e8s belle r\u00e9compense pour tout le travail founi par l&rsquo;\u00e9quipe des \u00e9ducateurs, encadrants, b\u00e9n\u00e9voles et responsables de l&rsquo;Ecole.<\/p>\n<p>La saison 2019-2020 s&rsquo;arr\u00eate brutalement le 13 mars 2020 sur un fort go\u00fbt d&rsquo;inachev\u00e9 dans un contexte de crise sanitaire mondiale li\u00e9e au Covid-19:<\/p>\n<ul>\n<li>L&rsquo;\u00e9quipe 1 se classe alors \u00e0 la 4e place sans terminer la phase qualificative et sans jouer les matchs de barrage.<\/li>\n<li>Quant \u00e0 l\u2019\u00e9quipe B, championne de sa poule en n\u2019ayant connu aucune d\u00e9faite, ne disputera pas le Championnat de France et les phases finales de la Ligue R\u00e9gionale Nouvelle Aquitaine.<\/li>\n<\/ul>\n<p>Pour la <strong>saison 2020-2021<\/strong>, le Championnat Honneur devient Championnat Pr\u00e9 F\u00e9d\u00e9rale.&nbsp; Le CAR Rugby \u00e9volue donc en Pr\u00e9 F\u00e9d\u00e9rale.<\/p>\n<p>Pour des raisons sanitaires (Covid-19), les comp\u00e9titions, suspendues le 29 octobre 2020, sont interrompues d\u00e9finitivement par la FFR le 26 f\u00e9vrier 2021. <strong>Une saison blanche&#8230;<\/strong>&nbsp; &nbsp;La phase qualificative avait pourtant bien commenc\u00e9: 3 matchs jou\u00e9s; L&rsquo;\u00e9quipe 1: 1\u00e8re (3 victoires), la R\u00e9serve: 3\u00e8me (2 victoires, 1 d\u00e9faite).&nbsp;<\/p>\n\n\n<div style=\"height:100px\" aria-hidden=\"true\" class=\"wp-block-spacer\"><\/div>\n\n\n\n<h3 class=\"wp-block-heading\">Le Palmar\u00e8s du Club =&gt; <a href=\"http:\/\/car-rugby.fr\/index.php\/le-club\/palmares-du-club\">ici<\/a><\/h3>\n\n\n\n<div style=\"height:100px\" aria-hidden=\"true\" class=\"wp-block-spacer\"><\/div>\n\n\n\n<h3 class=\"wp-block-heading\">Les Pr\u00e9sidents du CAR Rugby<\/h3>\n\n\n\n<figure class=\"wp-block-table\"><table><tbody><tr><td>\n\t\t\t<strong>P\u00e9riode-saison<\/strong>\n\t\t<\/td><td>\n\t\t\t<strong>Identit\u00e9<\/strong>\n\t\t<\/td><\/tr><tr><td>2021-2025<\/td><td>Eric Fourcade<\/td><\/tr><tr><td> 2017-2021 <\/td><td>\n\t\t\tDidier\n\t\t\tLachaud et Philippe Chouffier\n\t\t<\/td><\/tr><tr><td>\n\t\t\t2015-2017\n\t\t<\/td><td>\n\t\t\tChristophe\n\t\t\tCapellot\n\t\t<\/td><\/tr><tr><td>\n\t\t\t2007-2015\n\t\t<\/td><td>\n\t\t\tDidier\n\t\t\tLachaud\n\t\t<\/td><\/tr><tr><td>\n\t\t\t2006-2007\n\t\t<\/td><td>\n\t\t\tMaurice\n\t\t\tLadret\n\t\t<\/td><\/tr><tr><td>\n\t\t\t2001-2006\n\t\t<\/td><td>\n\t\t\tDidier\n\t\t\tLachaud\n\t\t<\/td><\/tr><tr><td>\n\t\t\t1994-2001\n\t\t<\/td><td>\n\t\t\tJean\n\t\t\tFran\u00e7ois Bittard\n\t\t<\/td><\/tr><tr><td>\n\t\t\t1992-1994\n\t\t<\/td><td>\n\t\t\tNeris\n\t\t\tVincent\n\t\t<\/td><\/tr><tr><td>\n\t\t\t1991-1992\n\t\t<\/td><td>\n\t\t\tMichel\n\t\t\tLagarde\n\t\t<\/td><\/tr><tr><td>\n\t\t\t1980-1991\n\t\t<\/td><td>\n\t\t\tJos\u00e9\n\t\t\tCoulon\n\t\t<\/td><\/tr><tr><td>\n\t\t\t1977-1980\n\t\t<\/td><td>\n\t\t\tYves\n\t\t\tD\u00e9cima\n\t\t<\/td><\/tr><tr><td>\n\t\t\t1973-1977\n\t\t<\/td><td>\n\t\t\tJean\n\t\t\tBeau\n\t\t<\/td><\/tr><tr><td>\n\t\t\t1972-1973\n\t\t<\/td><td>\n\t\t\tMax\n\t\t\tPradeau et Jean Beau\n\t\t<\/td><\/tr><tr><td>\n\t\t\t1970-1972\n\t\t<\/td><td>\n\t\t\tRaymond\n\t\t\tBesse\n\t\t<\/td><\/tr><tr><td>\n\t\t\t1968-1970\n\t\t<\/td><td>\n\t\t\tRaymond\n\t\t\tBesse et Andr\u00e9 Cheminade\n\t\t<\/td><\/tr><tr><td>\n\t\t\t1965-1968\n\t\t<\/td><td>\n\t\t\tJ.M.\n\t\t\tCharles\n\t\t<\/td><\/tr><tr><td>\n\t\t\t1964-1965\n\t\t<\/td><td>\n\t\t\tPares\n\t\t<\/td><\/tr><tr><td>\n\t\t\t1958-1964\n\t\t<\/td><td>\n\t\t\tDr\n\t\t\tIvanes\n\t\t<\/td><\/tr><tr><td>\n\t\t\t1954-1958\n\t\t<\/td><td>\n\t\t\tE.\n\t\t\tBarrat\n\t\t<\/td><\/tr><tr><td>\n\t\t\t1953-1954\n\t\t<\/td><td>\n\t\t\tYves\n\t\t\tEyma puis E. Barrat\n\t\t<\/td><\/tr><tr><td>\n\t\t\t1950-1953\n\t\t<\/td><td>\n\t\t\tL\u00e9on\n\t\t\tJaubert\n\t\t<\/td><\/tr><tr><td>\n\t\t\t1945-1950\n\t\t<\/td><td>\n\t\t\tAntoine\n\t\t\tCruveiller\n\t\t<\/td><\/tr><tr><td> 1942-1945 <\/td><td>\n\t\t\tRomain\n\t\t\tCadroas\n\t\t<\/td><\/tr><tr><td> 1939-1942<\/td><td>\n\t\t\tHenri\n\t\t\tKoehler\n\t\t<\/td><\/tr><tr><td> 1932-1939<\/td><td>\n\t\t\tGabriel\n\t\t\tMarty\n\t\t<\/td><\/tr><tr><td>\n\t\t\t1930-1932\n\t\t<\/td><td>\n\t\t\t en\n\t\t\tsommeil\n\t\t<\/td><\/tr><tr><td> 1926-1930<\/td><td>\n\t\t\tGaucher\n\t\t\t(p\u00e8re)\n\t\t<\/td><\/tr><tr><td>\n\t\t\t1924-1926\n\t\t<\/td><td>\n\t\t\t en\n\t\t\tsommeil\n\t\t<\/td><\/tr><tr><td>\n\t\t\t1919-1924\n\t\t<\/td><td>\n\t\t\tDe\n\t\t\tRoquemaurel\n\t\t<\/td><\/tr><tr><td>\n\t\t\t1918-1919\n\t\t<\/td><td>\n\t\t\tJean\n\t\t\tLeymonerie\n\t\t<\/td><\/tr><tr><td>\n\t\t\t1914-1918\n\t\t<\/td><td>\n\t\t\t en\n\t\t\tsommeil\n\t\t<\/td><\/tr><tr><td>\n\t\t\t1909-1914\n\t\t<\/td><td>\n\t\t\tDr\n\t\t\tConte\n\t\t<\/td><\/tr><\/tbody><\/table><\/figure>\n\n\n\n<p>B. Chauvin<\/p>\n","protected":false},"excerpt":{"rendered":"<p>Sources : Livre du Centenaire du CAR Rugby de Pierre Cadroas (2009) et le Club Le C.A.R. Rugby voit le jour en 1909 et fait partie des clubs les plus anciens install\u00e9s en Dordogne (1901: CA P\u00e9rigueux; 1902: Bergerac et Le Bugue; 1904: Eymet; 1905: Le Buisson, St Cyprien, Terrasson et Nontron; 1908: Le Lardin&#8230; <a href=\"https:\/\/car-rugby.fr\/index.php\/le-club\/histoire-du-club\/\" class=\"more-link\">Continue reading <span class=\"screen-reader-text\">Histoire du Club<\/span><\/a><\/p>\n","protected":false},"author":1,"featured_media":0,"parent":21,"menu_order":0,"comment_status":"closed","ping_status":"closed","template":"","meta":{"_exactmetrics_skip_tracking":false,"_exactmetrics_sitenote_active":false,"_exactmetrics_sitenote_note":"","_exactmetrics_sitenote_category":0,"ngg_post_thumbnail":0,"jetpack_post_was_ever_published":false,"footnotes":""},"class_list":["post-24","page","type-page","status-publish","hentry"],"jetpack_sharing_enabled":true,"jetpack_shortlink":"https:\/\/wp.me\/Paxq1d-o","jetpack_likes_enabled":false,"_links":{"self":[{"href":"https:\/\/car-rugby.fr\/index.php\/wp-json\/wp\/v2\/pages\/24","targetHints":{"allow":["GET"]}}],"collection":[{"href":"https:\/\/car-rugby.fr\/index.php\/wp-json\/wp\/v2\/pages"}],"about":[{"href":"https:\/\/car-rugby.fr\/index.php\/wp-json\/wp\/v2\/types\/page"}],"author":[{"embeddable":true,"href":"https:\/\/car-rugby.fr\/index.php\/wp-json\/wp\/v2\/users\/1"}],"replies":[{"embeddable":true,"href":"https:\/\/car-rugby.fr\/index.php\/wp-json\/wp\/v2\/comments?post=24"}],"version-history":[{"count":93,"href":"https:\/\/car-rugby.fr\/index.php\/wp-json\/wp\/v2\/pages\/24\/revisions"}],"predecessor-version":[{"id":7066,"href":"https:\/\/car-rugby.fr\/index.php\/wp-json\/wp\/v2\/pages\/24\/revisions\/7066"}],"up":[{"embeddable":true,"href":"https:\/\/car-rugby.fr\/index.php\/wp-json\/wp\/v2\/pages\/21"}],"wp:attachment":[{"href":"https:\/\/car-rugby.fr\/index.php\/wp-json\/wp\/v2\/media?parent=24"}],"curies":[{"name":"wp","href":"https:\/\/api.w.org\/{rel}","templated":true}]}}