{"id":1166,"date":"2018-12-15T09:20:52","date_gmt":"2018-12-15T08:20:52","guid":{"rendered":"http:\/\/car-rugby.fr\/?page_id=1166"},"modified":"2021-12-09T12:25:37","modified_gmt":"2021-12-09T11:25:37","slug":"supporters","status":"publish","type":"page","link":"https:\/\/car-rugby.fr\/index.php\/supporters\/","title":{"rendered":"Asso. de Supporters"},"content":{"rendered":"<h3>Amicale des Anciens et les Amis du CAR Rugby<\/h3>\n<p>Pr\u00e9sident: Maxime CHAUME<\/p>\n\n\n<p>L&rsquo;association est un atout pour le Club car elle contribue \u00e0 aider et r\u00e9compenser les joueurs et tout particuli\u00e8rement l&rsquo;Ecole de de Rugby.<\/p>\n\n\n\n<p>L&rsquo;association organise \u00e9galement, pour ses adh\u00e9rents, des repas d&rsquo;avant-match (lors des matchs \u00e0 domicile par ex), des d\u00e9placements pour des matchs du TOP14.<\/p>\n","protected":false},"excerpt":{"rendered":"<p>Amicale des Anciens et les Amis du CAR Rugby Pr\u00e9sident: Maxime CHAUME L&rsquo;association est un atout pour le Club car elle contribue \u00e0 aider et r\u00e9compenser les joueurs et tout particuli\u00e8rement l&rsquo;Ecole de de Rugby. L&rsquo;association organise \u00e9galement, pour ses adh\u00e9rents, des repas d&rsquo;avant-match (lors des matchs \u00e0 domicile par ex), des d\u00e9placements pour des&#8230; <a href=\"https:\/\/car-rugby.fr\/index.php\/supporters\/\" class=\"more-link\">Continue reading <span class=\"screen-reader-text\">Asso. de Supporters<\/span><\/a><\/p>\n","protected":false},"author":11,"featured_media":0,"parent":0,"menu_order":0,"comment_status":"closed","ping_status":"closed","template":"","meta":{"_exactmetrics_skip_tracking":false,"_exactmetrics_sitenote_active":false,"_exactmetrics_sitenote_note":"","_exactmetrics_sitenote_category":0,"ngg_post_thumbnail":0,"jetpack_post_was_ever_published":false,"footnotes":""},"class_list":["post-1166","page","type-page","status-publish","hentry"],"jetpack_sharing_enabled":true,"jetpack_shortlink":"https:\/\/wp.me\/Paxq1d-iO","jetpack_likes_enabled":false,"_links":{"self":[{"href":"https:\/\/car-rugby.fr\/index.php\/wp-json\/wp\/v2\/pages\/1166","targetHints":{"allow":["GET"]}}],"collection":[{"href":"https:\/\/car-rugby.fr\/index.php\/wp-json\/wp\/v2\/pages"}],"about":[{"href":"https:\/\/car-rugby.fr\/index.php\/wp-json\/wp\/v2\/types\/page"}],"author":[{"embeddable":true,"href":"https:\/\/car-rugby.fr\/index.php\/wp-json\/wp\/v2\/users\/11"}],"replies":[{"embeddable":true,"href":"https:\/\/car-rugby.fr\/index.php\/wp-json\/wp\/v2\/comments?post=1166"}],"version-history":[{"count":10,"href":"https:\/\/car-rugby.fr\/index.php\/wp-json\/wp\/v2\/pages\/1166\/revisions"}],"predecessor-version":[{"id":4710,"href":"https:\/\/car-rugby.fr\/index.php\/wp-json\/wp\/v2\/pages\/1166\/revisions\/4710"}],"wp:attachment":[{"href":"https:\/\/car-rugby.fr\/index.php\/wp-json\/wp\/v2\/media?parent=1166"}],"curies":[{"name":"wp","href":"https:\/\/api.w.org\/{rel}","templated":true}]}}